-2 + -113?
-115
In base 4, what is -1 - -211001?
211000
In base 6, what is -135 + -24?
-203
In base 5, what is 103402 + 3?
103410
In base 2, what is 101111 - -11011010?
100001001
In base 11, what is 631 - -3?
634
In base 2, what is -100 - -1000100?
1000000
In base 12, what is 9a + -9?
91
In base 4, what is 103 + 300?
1003
In base 2, what is -1111101111 - 100?
-1111110011
In base 8, what is 1440 + -3?
1435
In base 16, what is 5 + 767?
76c
In base 5, what is -140404 - -10?
-140344
In base 6, what is -20 - -5?
-11
In base 16, what is -bb8 + 5?
-bb3
In base 5, what is -3202 + 1?
-3201
In base 2, what is -10111011 + -10010?
-11001101
In base 7, what is 10514 + 4?
10521
In base 9, what is -5 - -26?
21
In base 4, what is 1 - -313?
320
In base 12, what is -99 - 9?
-a6
In base 7, what is 5 + -425?
-420
In base 7, what is 24 + -252?
-225
In base 5, what is 0 - -3414?
3414
In base 5, what is -24331 + 1?
-24330
In base 2, what is 101110 - -1001000011?
1001110001
In base 7, what is -36 + 61?
22
In base 13, what is -6 + 13?
a
In base 2, what is 11 - -11010100?
11010111
In base 8, what is -115 - -53?
-42
In base 3, what is 12 + -212212?
-212200
In base 12, what is 19 + 8?
25
In base 15, what is -15 - 3c?
-52
In base 16, what is 2a3 - -7?
2aa
In base 10, what is 4 - 69?
-65
In base 15, what is 4 + -1d?
-19
In base 9, what is 77 - -3?
81
In base 4, what is -10 - -2330?
2320
In base 12, what is -2a4 + -5?
-2a9
In base 10, what is 195 + 5?
200
In base 10, what is 3 + 36?
39
In base 16, what is 5d - f?
4e
In base 8, what is -526 - 1?
-527
In base 8, what is 3 - -2?
5
In base 11, what is -29821 - -5?
-29817
In base 16, what is -4 - -5?
1
In base 3, what is -12 + 2100122?
2100110
In base 5, what is -330 + -230?
-1110
In base 9, what is 3 + 2235?
2238
In base 2, what is -100 - -10100001?
10011101
In base 11, what is -10 + 7?
-4
In base 11, what is 16 - -5?
20
In base 15, what is -8 - e36?
-e3e
In base 15, what is 2 + 151?
153
In base 15, what is -8 + -a?
-13
In base 16, what is -4da - -4?
-4d6
In base 15, what is 2 - -402?
404
In base 8, what is -6112 - 10?
-6122
In base 9, what is -6 - 1818?
-1825
In base 13, what is -8b - -3?
-88
In base 8, what is 25 + -1047?
-1022
In base 7, what is 6 + -44?
-35
In base 10, what is 2 - -121?
123
In base 5, what is -10 - 334?
-344
In base 16, what is -27c9 - 0?
-27c9
In base 4, what is 13121 - -3?
13130
In base 14, what is 32 - 167?
-135
In base 13, what is c + -6?
6
In base 15, what is -1792 - 4?
-1796
In base 13, what is -9b - -3?
-98
In base 9, what is 0 - 35?
-35
In base 6, what is 442 + -5?
433
In base 5, what is 4 + -230?
-221
In base 15, what is -47 + 10?
-37
In base 6, what is 12 + 5451?
5503
In base 15, what is -7c - bb?
-148
In base 16, what is -6 - 18?
-1e
In base 13, what is 102 + 1a?
11c
In base 8, what is 312 + 1?
313
In base 15, what is -4e + -67?
-b6
In base 13, what is -489 + -4?
-490
In base 16, what is 1 + -131?
-130
In base 3, what is 10 - -11022?
11102
In base 8, what is 62 + -34?
26
In base 4, what is -12 + 11102?
11030
In base 6, what is -124 + -12?
-140
In base 5, what is -331 - 10?
-341
In base 16, what is 22 - -6?
28
In base 3, what is 100212 - -10?
100222
In base 11, what is -3 - -8a?
87
In base 12, what is 49b - 4?
497
In base 6, what is 13 - 140?
-123
In base 14, what is -95d - -3?
-95a
In base 2, what is 101001 + -1001?
100000
In base 14, what is -6 + -644?
-64a
In base 4, what is 310002 - 11?
303331
In base 2, what is -1110 - 1100010?
-1110000
In base 8, what is -1041 + -2?
-1043
In base 7, what is -1425 + -33?
-1461
In base 8, what is 10 - 5?
3
In base 6, what is 52 - 23?
25
In base 14, what is -17d + 6?
-177
In base 7, what is -4523 + -1?
-4524
In base 9, what is 73 - -8?
82
In base 6, what is -12503 - -1?
-12502
In base 9, what is -6100 - -1?
-6088
In base 7, what is -44 + 106?
32
In base 15, what is -2eb + 1?
-2ea
In base 12, what is 1 + -1a0b?
-1a0a
In base 13, what is 15 - 14?
1
In base 5, what is -2 - 21123?
-21130
In base 4, what is -1321 - -231?
-1030
In base 5, what is 240 + 303?
1043
In base 9, what is -646 - 23?
-670
In base 12, what is 2 + 12a6?
12a8
In base 10, what is -1 + 106?
105
In base 5, what is 1 + 113011?
113012
In base 4, what is 2033 - -103?
2202
In base 6, what is 200 - 115?
41
In base 5, what is 3 + -2124?
-2121
In base 5, what is 10 - 4231?
-4221
In base 4, what is 10 + -1322?
-1312
In base 2, what is -10 - 1100100001011?
-1100100001101
In base 2, what is -11 - 101000011?
-101000110
In base 2, what is -10 + 100?
10
In base 5, what is -11313 - 14?
-11332
In base 13, what is -2145 + 0?
-2145
In base 5, what is 3 + 113441?
113444
In base 6, what is 11230 + 1?
11231
In base 16, what is -5 - 282?
-287
In base 9, what is 1567 + -2?
1565
In base 5, what is -13 - 0?
-13
In base 12, what is -1 - 1550?
-1551
In base 15, what is -2952 - 0?
-2952
In base 13, what is 5b1 + -1?
5b0
In base 4, what is -11 - 2030?
-2101
In base 6, what is 5 - 3432?
-3423
In base 9, what is -30886 - 1?
-30887
In base 16, what is 74 - 24?
50
In base 7, what is -124 + -32?
-156
In base 7, what is -200 - -20?
-150
In base 15, what is 39 + 24?
5d
In base 15, what is -5 + 150?
14a
In base 14, what is -2721 - 5?
-2726
In base 10, what is -47 + 2?
-45
In base 14, what is 5 - -63?
68
In base 10, what is 0 - 43?
-43
In base 9, what is -22274 - 5?
-22280
In base 3, what is 12 + -22201?
-22112
In base 10, what is 116 + -5?
111
In base 16, what is -3 + 14f?
14c
In base 12, what is 16 - -65?
7b
In base 9, what is 1 - 33?
-32
In base 8, what is 54 + -341?
-265
In base 5, what is -412 + 13?
-344
In base 12, what is 18 + 470?
488
In base 15, what is -3 - 389?
-38c
In base 15, what is -70 - 0?
-70
In base 8, what is 77 + 5?
104
In base 7, what is -26 - 20?
-46
In base 13, what is -642b + 5?
-6426
In base 11, what is 64 + 1?
65
In base 13, what is 5 - c2?
-ba
In base 8, what is 5 - -3453?
3460
In base 3, what is -10211 + -1?
-10212
In base 13, what is 1 - -784?
785
In base 13, what is -15 + -1?
-16
In base 12, what is 38 - 4?
34
In base 12, what is -3 - -59?
56
In base 14, what is -45 + -28?
-6d
In base 9, what is -263 - 4?
-267
In base 9, what is 43 - 6?
36
In base 9, what is -14467 + 0?
-14467
In base 6, what is -24 - -232?
204
In base 6, what is -1 + -121?
-122
In base 9, what is 15 + -2?
13
In base 12, what is -5 - b1?
-b6
In base 13, what is 5 + 0?
5
In base 12, what is -a - -8?
-2
In base 4, what is 320012 + -12?
320000
In base 12, what is 13 + -178?
-165
In base 4, what is -122003 - -10?
-121333
In base 5, what is -111031 + -3?
-111034
In base 6, what is -5421 - -4?
-5413
In base 11, what is 284 - -15?
299
In base 7, what is 11 + -366?
-355
In base 15, what is -7 - 4d?
-55
In base 12, what is 4 + 559?
561
In base 7, what is 5 - -145?
153
In base 8, what is 1116 - 5?
1111
In base 9, what is -16 + 675?
658
In base 16, what is 5 - -134?
139
In base 12, what is 46 + -18?
2a
In base 7, what is -4 + -100?
-104
In base 5, what is 12030 + -20?
12010
In base 4, what is -1233 - 10?
-1303
In base 6, what is -2 + -4542?
-4544
In base 6, what is -122 + 10?
-112
In base 13, what is 972 - -5?
977
In base 2, what is -101 - -110010011?
110001110
In base 9, what is -71 - -234?
153
In base 6, what is 20 + 213?
233
In base 7, what is -505 + 1?
-504
In base 8, what is -3671 - -4?
-3665
In base 2, what is -10 - 100001?
-100011
In base 16, what is -11 - -1c8?
1b7
In base 14, what is a - -1?
b
In base 6, what is 152 + 13?
205
In base 14, what is 82a + 4?
830
In base 16, what is -33 - 16?
-49
In base 11, what is 2 + -a3?
-a1
In base 15, what is d4 - -2?
d6
In base 10, what is -1 - 4856?
-4857
In base 2, what is 110100 - 10001?
100011
In base 16, what is -a7 - -21?
-86
In base 5, what is -1432340 + -1?
-1432341
In base 8, what is -32 - -33?
1
In base 3, what is 12 - -111110?
111122
In base 7, what is -24 - -1?
-23
In base 13, what is -103 + -10?
-113
In base 6, what is 101 + -10?
51
In base 14, what is -511 + 2?
-50d
In base 10, what is 31 + 423?
454
In base 12, what is -25 + 3?
-22
In base 8, what is 1 + -47?
-46
In base 4, what is 11 + -33?
-22
In base 12, what is 1 - -37?
38
In base 5, what is -13 - -201?
133
In base 13, what is -4 + 46?
42
In base 16, what is ba + -1?
b9
In base 14, what is b + -6b?
-60
In base 9, what is -52 + -28?
